{"id":454,"date":"2025-08-27T22:17:58","date_gmt":"2025-08-27T20:17:58","guid":{"rendered":"https:\/\/pure-canamo.de\/?page_id=454"},"modified":"2025-11-24T16:13:52","modified_gmt":"2025-11-24T15:13:52","slug":"automaten","status":"publish","type":"page","link":"https:\/\/pure-canamo.de\/?page_id=454","title":{"rendered":"Automaten"},"content":{"rendered":"\t\t<div data-elementor-type=\"wp-page\" data-elementor-id=\"454\" class=\"elementor elementor-454\" data-elementor-post-type=\"page\">\n\t\t\t\t<div class=\"elementor-element elementor-element-d1fbfd1 e-flex e-con-boxed e-con e-parent\" data-id=\"d1fbfd1\" data-element_type=\"container\">\n\t\t\t\t\t<div class=\"e-con-inner\">\n\t\t\t\t<div class=\"elementor-element elementor-element-b6954d4 elementor-widget elementor-widget-image\" data-id=\"b6954d4\" data-element_type=\"widget\" data-widget_type=\"image.default\">\n\t\t\t\t\t\t\t\t\t\t\t\t\t\t\t<img fetchpriority=\"high\" decoding=\"async\" width=\"1024\" height=\"1280\" src=\"https:\/\/pure-canamo.de\/wp-content\/uploads\/2025\/08\/CA_KL.jpg\" class=\"attachment-full size-full wp-image-456\" alt=\"\" srcset=\"https:\/\/pure-canamo.de\/wp-content\/uploads\/2025\/08\/CA_KL.jpg 1024w, https:\/\/pure-canamo.de\/wp-content\/uploads\/2025\/08\/CA_KL-240x300.jpg 240w, https:\/\/pure-canamo.de\/wp-content\/uploads\/2025\/08\/CA_KL-819x1024.jpg 819w, https:\/\/pure-canamo.de\/wp-content\/uploads\/2025\/08\/CA_KL-768x960.jpg 768w\" sizes=\"(max-width: 1024px) 100vw, 1024px\" \/>\t\t\t\t\t\t\t\t\t\t\t\t\t\t\t<\/div>\n\t\t<div class=\"elementor-element elementor-element-d546ebc e-con-full e-flex e-con e-child\" data-id=\"d546ebc\" data-element_type=\"container\">\n\t\t\t\t<div class=\"elementor-element elementor-element-34f2fcb elementor-widget elementor-widget-heading\" data-id=\"34f2fcb\" data-element_type=\"widget\" data-widget_type=\"heading.default\">\n\t\t\t\t\t<h3 class=\"elementor-heading-title elementor-size-default\">24\/7 VERKAUFSOFFEN<\/h3>\t\t\t\t<\/div>\n\t\t\t\t<div class=\"elementor-element elementor-element-a12aaa8 elementor-widget elementor-widget-heading\" data-id=\"a12aaa8\" data-element_type=\"widget\" data-widget_type=\"heading.default\">\n\t\t\t\t\t<h1 class=\"elementor-heading-title elementor-size-default\">AUTOMATEN<\/h1>\t\t\t\t<\/div>\n\t\t\t\t<div class=\"elementor-element elementor-element-08dec33 elementor-tablet-align-center elementor-align-center elementor-widget elementor-widget-button\" data-id=\"08dec33\" data-element_type=\"widget\" data-widget_type=\"button.default\">\n\t\t\t\t\t\t\t\t\t\t<a class=\"elementor-button elementor-button-link elementor-size-sm\" href=\"#automaten-standorte\">\n\t\t\t\t\t\t<span class=\"elementor-button-content-wrapper\">\n\t\t\t\t\t\t\t\t\t<span class=\"elementor-button-text\">ZU DEN STANDORTEN<\/span>\n\t\t\t\t\t<\/span>\n\t\t\t\t\t<\/a>\n\t\t\t\t\t\t\t\t<\/div>\n\t\t\t\t<\/div>\n\t\t\t\t\t<\/div>\n\t\t\t\t<\/div>\n\t\t<div class=\"elementor-element elementor-element-a902390 e-flex e-con-boxed e-con e-parent\" data-id=\"a902390\" data-element_type=\"container\" id=\"automaten-standorte\" data-settings=\"{&quot;background_background&quot;:&quot;classic&quot;}\">\n\t\t\t\t\t<div class=\"e-con-inner\">\n\t\t\t\t<div class=\"elementor-element elementor-element-ff3874a elementor-widget elementor-widget-heading\" data-id=\"ff3874a\" data-element_type=\"widget\" data-widget_type=\"heading.default\">\n\t\t\t\t\t<h2 class=\"elementor-heading-title elementor-size-default\">Finde den Automat in deiner N\u00e4he<\/h2>\t\t\t\t<\/div>\n\t\t\t\t<div class=\"elementor-element elementor-element-5906679 elementor-widget elementor-widget-shortcode\" data-id=\"5906679\" data-element_type=\"widget\" data-widget_type=\"shortcode.default\">\n\t\t\t\t\t\t\t<div class=\"elementor-shortcode\">\r\n            \r\n            \r\n            \r\n            <a name='map1'><\/a>\r\n            \r\n            \r\n            \r\n            \r\n            <div class=\"wpgmza_map \"  id=\"wpgmza_map_1\" style=\"display:block; overflow:auto; width:100%; height:80vh; float:left;\" data-settings='{\"id\":\"1\",\"map_title\":\"C\\u00e1\\u00f1amo Automats\",\"map_width\":\"100\",\"map_height\":\"80\",\"map_start_lat\":\"49.27369390000002\",\"map_start_lng\":\"7.312634299999985\",\"map_start_location\":\"45.950464398418106,-109.81550500000003\",\"map_start_zoom\":\"10\",\"default_marker\":\"\\\/\\\/pure-canamo.de\\\/wp-content\\\/uploads\\\/2025\\\/11\\\/canamo_pin2.svg\",\"type\":\"1\",\"alignment\":\"4\",\"directions_enabled\":\"0\",\"styling_enabled\":\"0\",\"styling_json\":\"\",\"active\":\"0\",\"kml\":\"\",\"bicycle\":\"0\",\"traffic\":\"0\",\"dbox\":\"1\",\"dbox_width\":\"\",\"listmarkers\":\"0\",\"listmarkers_advanced\":\"0\",\"filterbycat\":\"0\",\"ugm_enabled\":\"0\",\"ugm_category_enabled\":\"0\",\"fusion\":\"\",\"map_width_type\":\"%\",\"map_height_type\":\"vh\",\"mass_marker_support\":\"0\",\"ugm_access\":\"0\",\"order_markers_by\":\"1\",\"order_markers_choice\":\"1\",\"show_user_location\":\"0\",\"default_to\":\"\",\"other_settings\":{\"map_type\":1,\"sl_stroke_color\":\"#000000\",\"sl_fill_color\":\"#000000\",\"sl_stroke_opacity\":\"\",\"sl_fill_opacity\":\"\",\"transport_layer\":false,\"action\":\"wpgmza_save_map\",\"redirect_to\":\"\\\/wp-admin\\\/admin-post.php\",\"map_id\":\"1\",\"http_referer\":\"\\\/wp-admin\\\/admin.php?page=wp-google-maps-menu&amp;amp;action=edit&amp;amp;map_id=1\",\"wpgmza_id\":\"1\",\"wpgmza_start_location\":\"49.27369390000002,7.312634299999985\",\"wpgmza_start_zoom\":\"10\",\"wpgmza_theme_data\":\"[{\\\"featureType\\\": \\\"administrative\\\", \\\"elementType\\\": \\\"all\\\", \\\"stylers\\\": [{\\\"visibility\\\": \\\"on\\\"}, {\\\"lightness\\\": 33}]}, {\\\"featureType\\\": \\\"landscape\\\", \\\"elementType\\\": \\\"all\\\", \\\"stylers\\\": [{\\\"color\\\": \\\"#f2e5d4\\\"}]}, {\\\"featureType\\\": \\\"poi.park\\\", \\\"elementType\\\": \\\"geometry\\\", \\\"stylers\\\": [{\\\"color\\\": \\\"#c5dac6\\\"}]}, {\\\"featureType\\\": \\\"poi.park\\\", \\\"elementType\\\": \\\"labels\\\", \\\"stylers\\\": [{\\\"visibility\\\": \\\"on\\\"}, {\\\"lightness\\\": 20}]}, {\\\"featureType\\\": \\\"road\\\", \\\"elementType\\\": \\\"all\\\", \\\"stylers\\\": [{\\\"lightness\\\": 20}]}, {\\\"featureType\\\": \\\"road.highway\\\", \\\"elementType\\\": \\\"geometry\\\", \\\"stylers\\\": [{\\\"color\\\": \\\"#c5c6c6\\\"}]}, {\\\"featureType\\\": \\\"road.arterial\\\", \\\"elementType\\\": \\\"geometry\\\", \\\"stylers\\\": [{\\\"color\\\": \\\"#e4d7c6\\\"}]}, {\\\"featureType\\\": \\\"road.local\\\", \\\"elementType\\\": \\\"geometry\\\", \\\"stylers\\\": [{\\\"color\\\": \\\"#fbfaf7\\\"}]}, {\\\"featureType\\\": \\\"water\\\", \\\"elementType\\\": \\\"all\\\", \\\"stylers\\\": [{\\\"visibility\\\": \\\"on\\\"}, {\\\"color\\\": \\\"#acbcc9\\\"}]}]\",\"store_locator_enabled\":false,\"store_locator_search_area\":\"radial\",\"wpgmza_store_locator_radius_style\":\"legacy\",\"wpgmza_store_locator_default_radius\":\"10\",\"store_locator_auto_area_max_zoom\":\"\",\"store_locator_distance\":false,\"wpgmza_store_locator_position\":false,\"store_locator_show_distance\":false,\"store_locator_category\":false,\"wpgmza_store_locator_use_their_location\":false,\"wpgmza_store_locator_bounce\":false,\"wpgmza_sl_animation\":\"0\",\"wpgmza_store_locator_hide_before_search\":false,\"store_locator_query_string\":\"\",\"store_locator_location_placeholder\":\"\",\"store_locator_default_address\":\"\",\"store_locator_name_search\":false,\"store_locator_name_string\":\"\",\"store_locator_not_found_message\":\"\",\"wpgmza_map_align\":\"1\",\"jump_to_nearest_marker_on_initialization\":false,\"automatically_pan_to_users_location\":false,\"override_users_location_zoom_level\":false,\"override_users_location_zoom_levels\":\"\",\"show_distance_from_location\":false,\"map_max_zoom\":\"21\",\"map_min_zoom\":\"0\",\"click_open_link\":false,\"fit_maps_bounds_to_markers\":false,\"fit_maps_bounds_to_markers_after_filtering\":false,\"hide_point_of_interest\":false,\"wpgmza_zoom_on_marker_click\":false,\"wpgmza_zoom_on_marker_click_slider\":\"\",\"close_infowindow_on_map_click\":false,\"disable_lightbox_images\":false,\"use_Raw_Jpeg_Coordinates\":false,\"polygon_labels\":false,\"disable_polygon_info_windows\":false,\"enable_marker_ratings\":false,\"enable_marker_labels\":false,\"only_load_markers_within_viewport\":false,\"zoom_level_mobile_override_enabled\":false,\"zoom_level_mobile_override\":\"\",\"iw_primary_color\":\"#000000\",\"iw_accent_color\":\"#000000\",\"iw_text_color\":\"#000000\",\"wpgmza_listmarkers_by\":\"6\",\"wpgmza_marker_listing_position\":false,\"wpgmza_push_in_map\":false,\"wpgmza_push_in_map_placement\":\"1\",\"wpgmza_push_in_map_width\":\"\",\"wpgmza_push_in_map_height\":\"\",\"zoom_level_on_marker_listing_override\":false,\"zoom_level_on_marker_listing_click\":\"\",\"marker_listing_disable_zoom\":false,\"datatable_no_result_message\":\"\",\"remove_search_box_datables\":false,\"dataTable_pagination_style\":\"default\",\"datatable_search_string\":\"\",\"datatable_result_start\":\"\",\"datatable_result_of\":\"\",\"datatable_result_to\":\"\",\"datatable_result_total\":\"\",\"datatable_result_show\":\"\",\"datatable_result_entries\":\"\",\"wpgmza_savemap\":\"Save Map \\u00bb\",\"shortcodeAttributes\":{\"id\":\"1\"},\"wpgmza_dbox_width_type\":\"%\",\"default_from\":\"\",\"directions_behaviour\":\"default\",\"force_google_directions_app\":false,\"directions_route_origin_icon\":\"https:\\\/\\\/pure-canamo.de\\\/wp-content\\\/plugins\\\/wp-google-maps\\\/images\\\/spotlight-poi3.png\",\"directions_origin_retina\":false,\"directions_route_destination_icon\":\"https:\\\/\\\/pure-canamo.de\\\/wp-content\\\/plugins\\\/wp-google-maps\\\/images\\\/spotlight-poi3.png\",\"directions_destination_retina\":false,\"directions_route_stroke_color\":\"#4f8df5\",\"directions_route_stroke_weight\":\"4\",\"directions_route_stroke_opacity\":\"0.8\",\"directions_fit_bounds_to_route\":false,\"wpgmza_store_locator_restrict\":\"\",\"upload_default_sl_marker\":\"\",\"upload_default_sl_marker_retina\":false,\"retina\":false,\"upload_default_ul_marker\":\"\",\"upload_default_ul_marker_retina\":false,\"enable_advanced_custom_fields_integration\":false,\"enable_toolset_woocommerce_integration\":false,\"enable_woo_product_integration\":false,\"wpgmza_theme\":\"4\"}}' data-map-id='1' data-shortcode-attributes='{\"id\":\"1\"}'> <\/div>\r\n            \r\n            <div class=\"wpgmza-popout-panel wpgmza-modern-marker-listing wpgmza_marker_list_class\" data-wpgmza-php-class=\"WPGMZA\\MarkerListing\\Modern\" data-wpgmza-rest-api-route=\"\/marker-listing\/\" data-wpgmza-marker-listing=\"true\" data-wpgmza-ajax-parameters='{\"map_id\":\"1\"}' id=\"wpgmza_marker_list_1\">\r\n\t<div class=\"wpgmza-close-container\">\r\n\t\t<span class=\"wpgmza-close\">\r\n\t\t\t<i class=\"fa fa-times\" aria-hidden=\"true\"><\/i>\r\n\t\t<\/span>\r\n\t<\/div>\r\n\t<ul class=\"wpgmza-modern-marker-listing-list-item-container\">\r\n\t\t\r\n\t<\/ul>\r\n<\/div>   \r\n        <\/div>\n\t\t\t\t\t\t<\/div>\n\t\t\t\t\t<\/div>\n\t\t\t\t<\/div>\n\t\t<div class=\"elementor-element elementor-element-6dbe7c4 e-con-full e-flex e-con e-parent\" data-id=\"6dbe7c4\" data-element_type=\"container\">\n\t\t<div class=\"elementor-element elementor-element-1ed46b1 e-con-full e-flex e-con e-child\" data-id=\"1ed46b1\" data-element_type=\"container\">\n\t\t\t\t<div class=\"elementor-element elementor-element-e7c9dc5 elementor-widget elementor-widget-text-editor\" data-id=\"e7c9dc5\" data-element_type=\"widget\" data-widget_type=\"text-editor.default\">\n\t\t\t\t\t\t\t\t\t<p>Im Juli 2020 hat C\u00e1\u00f1amo den allerersten CBD Automaten im Saarland (Saarbr\u00fccken) in Betrieb genommen! Autonomes Einkaufen, keine Wartezeiten mehr und eine 24\/7-Verf\u00fcgbarkeit der C\u00e1\u00f1amo-Produkte.<\/p><p>Unsere Kunden sind seit dem ersten\u00a0Automaten\u00a0begeistert und lassen uns wissen, wie gut sie diese Idee und die Umsetzung finden.<\/p><p>Mit Stolz k\u00f6nnen wir sagen, dass wir das Automaten-Gesch\u00e4ft erfolgreich ausgebaut haben. Als Automaten-Pioniere ruhen wir uns nat\u00fcrlich nicht aus, sondern entwickeln die Entw\u00fcrfe unserer neuen Automaten st\u00e4ndig weiter. Design und Funktionalit\u00e4t spielen hierbei eine wichtige Rolle. Unsere neusten Ger\u00e4te orientieren sich am Puls der Zeit.<\/p><p>Die Auswahl der Produkte ist eine aktuelle und erlesene Auswahl der besten Produkte, die derzeit auf dem Markt erh\u00e4ltlich sind. Wir weisen darauf hin, dass unsere Artikel ausschlie\u00dflich naturbelassen sind!<\/p><p>Wenn du in der Region bist, findest du ganz sicher einen\u00a0Hanfautomaten\u00a0mit deinen\u00a0Lieblingsprodukten! Viel Spa\u00df beim Einkaufen!<\/p>\t\t\t\t\t\t\t\t<\/div>\n\t\t\t\t<\/div>\n\t\t<div class=\"elementor-element elementor-element-ee69d73 e-con-full e-flex e-con e-child\" data-id=\"ee69d73\" data-element_type=\"container\">\n\t\t\t\t<div class=\"elementor-element elementor-element-3b26d0c elementor-widget elementor-widget-image\" data-id=\"3b26d0c\" data-element_type=\"widget\" data-widget_type=\"image.default\">\n\t\t\t\t\t\t\t\t\t\t\t\t\t\t\t<img decoding=\"async\" width=\"768\" height=\"1024\" src=\"https:\/\/pure-canamo.de\/wp-content\/uploads\/2025\/08\/2024-06-20_19.25.27-768x1024.jpg\" class=\"attachment-large size-large wp-image-462\" alt=\"\" srcset=\"https:\/\/pure-canamo.de\/wp-content\/uploads\/2025\/08\/2024-06-20_19.25.27-768x1024.jpg 768w, https:\/\/pure-canamo.de\/wp-content\/uploads\/2025\/08\/2024-06-20_19.25.27-225x300.jpg 225w, https:\/\/pure-canamo.de\/wp-content\/uploads\/2025\/08\/2024-06-20_19.25.27.jpg 960w\" sizes=\"(max-width: 768px) 100vw, 768px\" \/>\t\t\t\t\t\t\t\t\t\t\t\t\t\t\t<\/div>\n\t\t\t\t<\/div>\n\t\t\t\t<\/div>\n\t\t<div class=\"elementor-element elementor-element-1100d06 e-con-full e-flex e-con e-parent\" data-id=\"1100d06\" data-element_type=\"container\">\n\t\t<div class=\"elementor-element elementor-element-e4892e5 e-con-full e-flex e-con e-child\" data-id=\"e4892e5\" data-element_type=\"container\">\n\t\t\t\t<div class=\"elementor-element elementor-element-a69c58b elementor-widget-mobile__width-inherit elementor-widget elementor-widget-image\" data-id=\"a69c58b\" data-element_type=\"widget\" data-widget_type=\"image.default\">\n\t\t\t\t\t\t\t\t\t\t\t\t\t\t\t<img decoding=\"async\" width=\"900\" height=\"1200\" src=\"https:\/\/pure-canamo.de\/wp-content\/uploads\/2025\/08\/CA_Automat_SB.jpg\" class=\"attachment-full size-full wp-image-461\" alt=\"\" srcset=\"https:\/\/pure-canamo.de\/wp-content\/uploads\/2025\/08\/CA_Automat_SB.jpg 900w, https:\/\/pure-canamo.de\/wp-content\/uploads\/2025\/08\/CA_Automat_SB-225x300.jpg 225w, https:\/\/pure-canamo.de\/wp-content\/uploads\/2025\/08\/CA_Automat_SB-768x1024.jpg 768w\" sizes=\"(max-width: 900px) 100vw, 900px\" \/>\t\t\t\t\t\t\t\t\t\t\t\t\t\t\t<\/div>\n\t\t\t\t<\/div>\n\t\t<div class=\"elementor-element elementor-element-608e552 e-con-full e-flex e-con e-child\" data-id=\"608e552\" data-element_type=\"container\">\n\t\t\t\t<div class=\"elementor-element elementor-element-caa1280 elementor-widget elementor-widget-heading\" data-id=\"caa1280\" data-element_type=\"widget\" data-widget_type=\"heading.default\">\n\t\t\t\t\t<h2 class=\"elementor-heading-title elementor-size-default\">C\u00e1\u00f1amomat auf deinem Gel\u00e4nde?\n<\/h2>\t\t\t\t<\/div>\n\t\t\t\t<div class=\"elementor-element elementor-element-3c4045d elementor-widget elementor-widget-text-editor\" data-id=\"3c4045d\" data-element_type=\"widget\" data-widget_type=\"text-editor.default\">\n\t\t\t\t\t\t\t\t\t<p>Werde C\u00e1\u00f1amomat-Partner! &#8211; Du hast einen Platz, an dem du gerne einen CBD-Automaten aufstellen w\u00fcrdest oder kennst jemanden, der ins Automaten-Gesch\u00e4ft einsteigen m\u00f6chte? Schreib uns gerne eine Nachricht!<\/p>\t\t\t\t\t\t\t\t<\/div>\n\t\t\t\t<div class=\"elementor-element elementor-element-9d19a16 elementor-widget elementor-widget-button\" data-id=\"9d19a16\" data-element_type=\"widget\" data-widget_type=\"button.default\">\n\t\t\t\t\t\t\t\t\t\t<a class=\"elementor-button elementor-button-link elementor-size-sm\" href=\"#\">\n\t\t\t\t\t\t<span class=\"elementor-button-content-wrapper\">\n\t\t\t\t\t\t\t\t\t<span class=\"elementor-button-text\">Kontakt<\/span>\n\t\t\t\t\t<\/span>\n\t\t\t\t\t<\/a>\n\t\t\t\t\t\t\t\t<\/div>\n\t\t\t\t<\/div>\n\t\t\t\t<\/div>\n\t\t\t\t<\/div>\n\t\t","protected":false},"excerpt":{"rendered":"<p>24\/7 VERKAUFSOFFEN AUTOMATEN ZU DEN STANDORTEN Finde den Automat in deiner N\u00e4he Im Juli 2020 hat C\u00e1\u00f1amo den allerersten CBD Automaten im Saarland (Saarbr\u00fccken) in Betrieb genommen! Autonomes Einkaufen, keine Wartezeiten mehr und eine 24\/7-Verf\u00fcgbarkeit der C\u00e1\u00f1amo-Produkte. Unsere Kunden sind seit dem ersten\u00a0Automaten\u00a0begeistert und lassen uns wissen, wie gut sie diese Idee und die Umsetzung [&hellip;]<\/p>\n","protected":false},"author":1,"featured_media":456,"parent":0,"menu_order":0,"comment_status":"closed","ping_status":"closed","template":"elementor_header_footer","meta":{"footnotes":""},"class_list":["post-454","page","type-page","status-publish","has-post-thumbnail","hentry"],"_links":{"self":[{"href":"https:\/\/pure-canamo.de\/index.php?rest_route=\/wp\/v2\/pages\/454","targetHints":{"allow":["GET"]}}],"collection":[{"href":"https:\/\/pure-canamo.de\/index.php?rest_route=\/wp\/v2\/pages"}],"about":[{"href":"https:\/\/pure-canamo.de\/index.php?rest_route=\/wp\/v2\/types\/page"}],"author":[{"embeddable":true,"href":"https:\/\/pure-canamo.de\/index.php?rest_route=\/wp\/v2\/users\/1"}],"replies":[{"embeddable":true,"href":"https:\/\/pure-canamo.de\/index.php?rest_route=%2Fwp%2Fv2%2Fcomments&post=454"}],"version-history":[{"count":81,"href":"https:\/\/pure-canamo.de\/index.php?rest_route=\/wp\/v2\/pages\/454\/revisions"}],"predecessor-version":[{"id":847,"href":"https:\/\/pure-canamo.de\/index.php?rest_route=\/wp\/v2\/pages\/454\/revisions\/847"}],"wp:featuredmedia":[{"embeddable":true,"href":"https:\/\/pure-canamo.de\/index.php?rest_route=\/wp\/v2\/media\/456"}],"wp:attachment":[{"href":"https:\/\/pure-canamo.de\/index.php?rest_route=%2Fwp%2Fv2%2Fmedia&parent=454"}],"curies":[{"name":"wp","href":"https:\/\/api.w.org\/{rel}","templated":true}]}}